ate c(w).
3
Let y(p) = p**3 + 32*p**2 + 29*p - 44. Suppose -97 = -0*u + 3*u - 4. Calculate y(u).
18
Let w(g) = -g**2 + 21*g - 12. Let x = -4185 + 4204. What is w(x)?
26
Let x(p) = -p**2 - 2*p + 2. Let s be (1 - 1)/(2/(1 + 1)). Suppose -2*k = -3*r + 11, 2*k + s + 10 = 2*r. Determine x(k).
-6
Let i(c) = -c**3 - 29*c**2 + 34*c + 124. Let q be i(-30). Let d(j) be the second derivative of q*j - 6*j**2 + 0*j**3 + 0*j**4 + 0 + 1/20*j**5. Determine d(0).
-12
Let w(s) = 0*s - 4*s + s - 7*s - 43 - 2*s. Determine w(-5).
17
Let s(y) = 109*y**2 - 179*y**2 - 37*y + 72 + 108*y**2 - y**3 + 2*y**3. Let h be s(-39). Let l(u) = u**3 + 7*u**2 + 6*u + 10. What is l(h)?
10
Suppose 3*a - q = 2*q - 33, -9 = 4*a + 3*q. Let s(h) = h**2 + 7*h + 9. Let u be s(a). Suppose -u*c + 11*c = 0. Let r(b) = -b - 3. Determine r(c).
-3
Suppose 3*y + 112 = 7*y. Suppose -2*i = 5*m + y, i + 20 = -2*i - 2*m. Let z(g) = -3 - g**3 + 0 - 91976*g**2 + 5*g + 2 + 91973*g**2. Calculate z(i).
-5
Let l(k) be the second derivative of -2*k**3 + 18*k**2 + 26*k + 134. Determine l(4).
-12
Let m be 2*-1*473/946. Let a(v) be the third derivative of v**4/2 - v**3/6 - 2*v**2. Calculate a(m).
-13
Suppose -58*n - 33 = -69*n. Let a(c) = -c**3 + 2*c**n - 3 + 9*c**2 + c**2 + c**2. Give a(-11).
-3
Let r = -552 - -546. Let f(d) be the second derivative of d**4/12 + d**3/6 - d**2/2 + 17*d. Calculate f(r).
29
Suppose -5*m - 470 = -k - 2*k, -461 = -3*k - 4*m. Let h = -154 + k. Let p(j) = j + 1. Calculate p(h).
2
Let i(q) = -q**3 - 6*q**2 - q - 5. Let p = -7 + -34. Let m be (-1 - (-4)/10)/(p/(-410)). What is i(m)?
1
Let c = 10374 + -10386. Let d(l) = -2*l - 10. Give d(c).
14
Let s(b) = 6*b - 9. Let d(c) = -c**3 - c**2 + 5*c + 7. Let a be d(-3). Suppose -21 = -a*n + 7*n. Let u(v) = -5*v + 8. Let t(x) = n*u(x) + 6*s(x). What is t(7)?
9
Let u(l) be the first derivative of -10/3*l**3 - 4*l**2 + 52 - 1/4*l**4 + 2*l. Determine u(-9).
-7
Let w(m) be the first derivative of -m**6/120 + m**5/12 + m**4/4 - 7*m**3/6 + m**2 - 28*m + 25. Let q(g) be the second derivative of w(g). Give q(6).
-7
Let k(v) be the first derivative of v**5/20 + 13*v**4/12 + 7*v**3/3 + 21*v**2/2 + 100*v - 153. Let c(h) be the first derivative of k(h). Give c(-12).
-3
Let t(l) = -43*l + 29. Let d(p) = -23*p + 16. Let f(c) = 11*d(c) - 6*t(c). Calculate f(5).
27
Let h(q) = q**3 + 18*q**2 + 68*q + 1221. Let c be h(-18). Let o(f) = -20*f - 1. Let x(l) = -7*l. Let k(n) = -6*o(n) + 17*x(n). Calculate k(c).
3
Let y(s) = 7*s - 3. Let j(n) = -n + 7. Let i be j(4). Let a(w) = 4*w - 2. Let l(g) = i*y(g) - 5*a(g). Let r(b) = 4*b + 2. Let d be r(0). Calculate l(d).
3
Let n(o) be the third derivative of -o**5/60 + o**4/24 + 43*o**3/6 - 169*o**2 + 6*o. Calculate n(0).
43
Suppose 7*p - 8 = -2*i + 5*p, i + 5*p = 0. Let x(b) = b**2 + 7*b - 4 + b**2 - b**2 + 4 - i. Let r be 74/(-10) + 2/5. What is x(r)?
-5
Suppose -2*t = -2*c - 2, 2*t + 1 = 4*c - t. Let s(z) = -168*z**2 - 2*z - 138*z**2 + 439*z**2 + 4 - 132*z**2. What is s(c)?
12
Let q(s) = -8*s - 8. Let w = 1 - 2. Let g(d) = -9 + 11*d + 14 - 3*d - 6*d - 6. Let z(f) = w*q(f) - 5*g(f). Determine z(7).
-1
Let l(b) be the second derivative of b**4/12 + 4*b**3 + 43*b**2/2 - 9806*b. Determine l(-21).
-20
Let o(j) = -j**3 + 6*j**2 - 5*j + 53. Let f be o(6). Let k(d) = d**3 - 22*d**2 - 22*d - 25. Calculate k(f).
-2
Let t be ((-5)/15 - -5)*210. Let z(u) = 979*u**2 - t*u**2 + 7*u - 6 + 0*u. Suppose -d + 4*d = -4*a + 30, 5*a = 15. Give z(d).
0
Let s = 8 + -9. Let n be (s/(-3))/((-1)/(-12)). Let q(p) = -2 + 3*p + p + n*p - 9*p. Give q(-3).
1
Suppose 5*z - 34 = -2*t + 85, -3*t - 134 = -5*z. Let b be (-1)/(-3) - z/3. Let q(o) = o**3 + 7*o**2 - 5*o - 6. What is q(b)?
-30
Let p(f) = -f**2 - 3*f. Let o(n) = -n**3 + 9*n**2 + 12*n + 10. Let i(u) = -o(u) - 7*p(u). Calculate i(2).
8
Let q be (-3)/(27/(-12))*12. Suppose -23 = -k - q. Let f(s) = s**3 - 7*s**2 + s + 3. Calculate f(k).
10
Let t(p) = -15*p**2 + 3*p + 5. Let v(l) = -16*l**2 + 4*l + 6. Let m(c) = -4*t(c) + 3*v(c). Let n = -49083 - -49085. Give m(n).
46
Let y(s) be the first derivative of s**4/4 + 7*s**3/3 - 3*s - 1539. Let g be (-4)/(-6 + 2)*-7. What is y(g)?
-3
Let r(q) = -2*q + 18. Let d(t) be the second derivative of 13*t**4/12 - t**2/2 - 3*t + 20. Let f be d(1). Calculate r(f).
-6
Suppose -9*a - 42 = -3966. Let y = 437 - a. Let h(s) = -17*s**2 + 1. Determine h(y).
-16
Let q(x) = -x**2 - x - 1. Let g be (-2)/(142/(-72) - (-3 - -1)). Let v = 97 + g. Let y = -28 + v. Give q(y).
-7
Let y(h) be the third derivative of -1/24*h**4 - 4*h**2 + 0*h + 2*h**3 + 0. Determine y(12).
0
Let j(k) = -134 - 251*k + 11 + 282*k. Give j(4).
1
Suppose 27*n - 59*n = 128. Let i(l) = -1 + 10*l + 13*l - 24*l. What is i(n)?
3
Let z(f) be the first derivative of 17 + 2*f - 150 - 46 - 2*f**2 + 2. Determine z(5).
-18
Suppose -m + 4*v - 24 = 0, 5*m + 4*v + 82 = 58. Let s(x) = -5*x - 41. Give s(m).
-1
Let n(a) = -2*a - 1. Let i be (-142)/(-10) - 0 - 5/25. Suppose -i*f - f = -90. What is n(f)?
-13
Let t(b) = -10*b**3 + b**2 + 4*b + 3. Let s be (4/(-18))/((-20)/(-90)). Calculate t(s).
10
Suppose 0 = 4*k + 6 - 14. Suppose 5*u = -w + 5, -3*u = -5*w + k - 5. Let r(j) = j**2 - 876*j + 879*j + u + 1. Give r(-4).
6
Let b(p) = -p**3 - 8*p**2 - 8*p - 2. Let t(a) = -44*a - 11. Let c be t(-1). Suppose -5*i + 0*l = 2*l + c, 2*l - 37 = 5*i. Calculate b(i).
5
Let r(i) = 5*i + 831. Let n(m) = 2*m + 300. Let p(t) = -11*n(t) + 4*r(t). Calculate p(14).
-4
Let y = 517 - 522. Let t(o) = -11*o**3 - 12*o**2 - o + 13. Let d(a) = 5*a**3 + 6*a**2 + a - 6. Let u(n) = 9*d(n) + 4*t(n). What is u(y)?
-2
Suppose 0 = 3*a - 6*a + 3*r + 15, -15 = -3*a + 5*r. Suppose 0 = a*p - 13 - 17. Let v(f) = -2*f. Give v(p).
-12
Let l(z) = 79*z + 10 + 85*z - 154*z. What is l(1)?
20
Let q(x) = x**3 - 4*x**2 + 5. Let p be q(4). Let j(y) be the second derivative of -2*y**3/3 + 7*y**2 + 2336*y. Determine j(p).
-6
Let c = 9 + -17. Let o(p) = 68*p**3 - 14*p**2 + 13*p + 21. Let m(r) = 29*r**3 - 7*r**2 + 7*r + 10. Let n(f) = 7*m(f) - 3*o(f). Calculate n(c).
-9
Let g = 13283 - 13277. Let q(r) = -2*r**2 + 5*r - 14. Calculate q(g).
-56
Suppose -28*w = -38*w. Suppose 21*r - 19*r + p = -12, w = -r + 2*p - 11. Let u(x) = x**3 + 8*x**2 + 2*x - 8. Determine u(r).
27
Let m(t) be the first derivative of -3*t**4/4 - t**3/6 + 200*t + 249. Let q(b) be the first derivative of m(b). Let v be 2/(-2) - 0/1. Determine q(v).
-8
Let q(l) = 3*l**2 + 19*l + 72. Let r(p) = -4*p**2 - 19*p - 91. Let v(j) = -3*q(j) - 2*r(j). Give v(-17).
0
Let f(w) = 16*w**2 + 208 - 7*w**2 - 211 - w. Give f(-3).
81
Let n(f) = f - 9. Let r(k) be the third derivative of k**6/120 - k**5/12 - 5*k**4/24 - k**3 + 2*k**2 + 55*k. Let p be r(6). Determine n(p).
-9
Let p(n) = n**3 - n**2 - n - 1. Suppose -52 = -12*t + 140. Suppose -21*v = -t*v - 4*w + 26, -5*w = -v - 22. Determine p(v).
-11
Let p(m) = 497*m + 8460. Let z be p(-17). Let b(v) = 10*v + 25. Calculate b(z).
135
Let r(x) = 7 - 1 + 11355865*x - 11355868*x. Calculate r(-1).
9
Suppose b - 143 = -5*q, -4*q + 70 = -5*b - 27. Suppose -q = 31*l - 29*l. Let j(s) = -2*s - 13. Let t(a) = -3*a - 19. Let n(k) = 8*j(k) - 5*t(k). Calculate n(l).
5
Suppose -9*u + 331455 + 318066 = 0. Let c(w) = -u*w + 72169*w + 0 + w**2 + 1 + 6*w**3. Give c(-2).
-43
Let q(a) = -a**3 + 4*a**2 - 5*a + 2. Let k be q(3). Let s be (-1196)/(-230)*(-2 - 3). Let p be s/5 + (1 - k/(-5)). Let r(o) = -2*o**2 - 6*o + 5. Give r(p).
-15
Let h(b) = -b**3 - 4*b**2 + b - 1. Let a(n) = -7*n**3 + 2*n**2 - 3*n + 7. Let r(t) = -a(t) + 4*h(t). Calculate r(6).
31
Let b(y) = -2*y**3 - 3*y**2 + 8*y + 2. Let u(f) = 1494*f + 2985. Let j be u(-2). Give b(j).
5
Suppose 3*b - u + 13 = 0, -2*u = -4*b - 0*u - 18. Let r(y) = -3*y - 6. Let t(a) = -a - 1. Let c be (-20)/4 + -1 - -4. Let z(k) = c*t(k) + r(k). Calculate z(b).
0
Let f(l) = 7*l**2 + 15. Let x(z) = -z**2 + 1. Let d(g) = f(g) + 6*x(g). Determine d(0).
21
Suppose 13 = -7*i + 34. Let o(r) = -11*r**2 + 17*r + 5. Let u(x) = -5*x**2 + 10*x + 3. Let q(m) = i*o(m) - 5*u(m). Determine q(1).
-7
Let u(k) = -k**3 + 4*k**2 + 4*k - 7. Suppose 4 = 3*i - 5. Suppose 4*h = -5*d + 85, -3*d = i*h + d - 65. Suppose -4*z + z = -h. Give u(z).
-12
Let l be (-1)/108*(-378)/84*3. Let k(v) be the third derivative of l*v**4 + 0 + 0*v + 1/2*v**3 + 38*v**2 - 1/120*v**6 - 1/60*v**5.